0072 - 0?
-20072
In base 16, what is -5 + f9?
f4
In base 11, what is a5 + -12?
93
In base 8, what is 2 - 50?
-46
In base 6, what is 202 + 14?
220
In base 15, what is 3 - 86?
-83
In base 9, what is -360 - 115?
-475
In base 3, what is -2 + 1021102?
1021100
In base 12, what is 0 + 21?
21
In base 6, what is 2 + 334?
340
In base 4, what is -23212 - 0?
-23212
In base 8, what is 15116 + -5?
15111
In base 7, what is -2156 + -5?
-2164
In base 6, what is -4 + -3324?
-3332
In base 10, what is -4 - -41?
37
In base 8, what is 5 + 152?
157
In base 16, what is -d - 4?
-11
In base 7, what is 0 - -221?
221
In base 6, what is 1213 - -5?
1222
In base 15, what is -1e + 73?
54
In base 3, what is -212110 + -21?
-212201
In base 10, what is 151 - 4?
147
In base 15, what is -289 + -2b?
-2b5
In base 9, what is 37 - 11?
26
In base 16, what is 1 - bf?
-be
In base 2, what is 100 - -101?
1001
In base 12, what is -a - -39?
2b
In base 4, what is 11 - 2111?
-2100
In base 5, what is -11221 - 2?
-11223
In base 10, what is -40 + -4?
-44
In base 9, what is -5 - 604?
-610
In base 13, what is 3 + 18?
1b
In base 3, what is -1 + -20222?
-21000
In base 9, what is 2 + 66?
68
In base 3, what is 100 - 1210?
-1110
In base 16, what is -b1 + -12?
-c3
In base 15, what is -198 + -4?
-19c
In base 13, what is -1b + -2b4?
-302
In base 15, what is -2 - c2?
-c4
In base 9, what is 303 - 5?
287
In base 4, what is 0 - 10320?
-10320
In base 12, what is -333 + -5?
-338
In base 6, what is -32 + -12?
-44
In base 14, what is 709 + 12?
71b
In base 9, what is -47 + -16?
-64
In base 7, what is 4 - 1454?
-1450
In base 4, what is -331 + 2?
-323
In base 12, what is -36 - -b2?
78
In base 6, what is -3 + -100?
-103
In base 11, what is 1 + -7?
-6
In base 2, what is -10011100101011 + 10?
-10011100101001
In base 7, what is 3 + -242?
-236
In base 6, what is 550 + 0?
550
In base 13, what is 6a + 64?
101
In base 9, what is -27 - 7?
-35
In base 9, what is 2 - -107?
110
In base 5, what is 2 - 304204?
-304202
In base 5, what is 10004 + 4?
10013
In base 8, what is 2 + -57?
-55
In base 14, what is 43 + 194?
1d7
In base 5, what is -422 + -2?
-424
In base 11, what is 4822 + 3?
4825
In base 4, what is -33 - -100?
1
In base 7, what is -1053 - -32?
-1021
In base 3, what is 222011 + 1?
222012
In base 12, what is 44 + 3?
47
In base 9, what is 574 + -7?
566
In base 5, what is 3 - -1011?
1014
In base 3, what is -1102 + 20?
-1012
In base 12, what is 13 - -4?
17
In base 7, what is -5 + -506?
-514
In base 16, what is -10e + 5?
-109
In base 12, what is 684 - 1?
683
In base 4, what is -3303 + -3?
-3312
In base 13, what is -16 + 1?
-15
In base 2, what is -11011 - 1110101?
-10010000
In base 9, what is -3721 + 1?
-3720
In base 16, what is -5 + -195f?
-1964
In base 14, what is 16 + 7?
1d
In base 11, what is 404 - 1?
403
In base 12, what is -70 - 0?
-70
In base 15, what is 7 - -38?
40
In base 13, what is -32 - -30c?
2aa
In base 5, what is -1132 + 0?
-1132
In base 8, what is 6 + 26?
34
In base 7, what is -2134 - 5?
-2142
In base 10, what is -106 + 50?
-56
In base 9, what is 11 + 312?
323
In base 13, what is 84 - -3?
87
In base 9, what is -368 + -75?
-454
In base 6, what is 5 + -442?
-433
In base 6, what is -1155 + 23?
-1132
In base 13, what is 0 + 3b8?
3b8
In base 15, what is 25 + -2?
23
In base 10, what is -381 + 1?
-380
In base 2, what is -10110110 + -11?
-10111001
In base 14, what is -5 - -154?
14d
In base 16, what is 3e - -9a?
d8
In base 8, what is 0 - -5500?
5500
In base 13, what is -39b - -3?
-398
In base 14, what is -12 - c?
-20
In base 10, what is -24525 + -5?
-24530
In base 15, what is 3 + b0?
b3
In base 14, what is -24 + 4?
-20
In base 8, what is -4 - 204?
-210
In base 9, what is -5 + 54?
48
In base 8, what is 4 - -1465?
1471
In base 10, what is 0 + 23?
23
In base 8, what is 4501 - 4?
4475
In base 15, what is 9 + 2?
b
In base 11, what is 104 - -4?
108
In base 14, what is -1 - 8a?
-8b
In base 12, what is 702b - -3?
7032
In base 7, what is 15 - -235?
253
In base 2, what is 1000101111101 - 100?
1000101111001
In base 10, what is -125 - -2?
-123
In base 4, what is -2023 - -1?
-2022
In base 12, what is -130b - -2?
-1309
In base 10, what is -1 + 821?
820
In base 4, what is 113 - 13?
100
In base 11, what is 4a48 + 2?
4a4a
In base 5, what is 30 + 4?
34
In base 3, what is 11120 + -1?
11112
In base 13, what is 53 + -8?
48
In base 2, what is -1 - 1101100?
-1101101
In base 10, what is 1077 + 0?
1077
In base 9, what is -6 - -6716?
6710
In base 6, what is -1343 + -5?
-1352
In base 14, what is a - 2a?
-20
In base 3, what is -12 + -20222?
-21011
In base 15, what is -1 - 242?
-243
In base 7, what is 43 + -424?
-351
In base 4, what is 11 - 11133?
-11122
In base 4, what is -112030 + -1?
-112031
In base 5, what is -3244 - 2?
-3301
In base 10, what is -15 - -338?
323
In base 9, what is -324 + 18?
-305
In base 9, what is 8 + 0?
8
In base 3, what is -220 - 12020?
-20010
In base 6, what is -5 - 201?
-210
In base 3, what is 12000122 + -22?
12000100
In base 8, what is -47 - 3?
-52
In base 9, what is 5 - 45?
-40
In base 2, what is -111 - 110?
-1101
In base 11, what is -20 + -59?
-79
In base 16, what is -4 + 62?
5e
In base 6, what is -140015 + 0?
-140015
In base 11, what is 97 + 1?
98
In base 16, what is -19e - 5?
-1a3
In base 16, what is 531e - 5?
5319
In base 13, what is -6 - 38?
-41
In base 12, what is a5 + 38?
121
In base 6, what is -152 - 2?
-154
In base 16, what is -2fbe + -3?
-2fc1
In base 11, what is 19 - 24?
-6
In base 4, what is -131 - 2300?
-3031
In base 12, what is 29 + 9?
36
In base 7, what is 5 - 15201?
-15163
In base 8, what is 5126 - 5?
5121
In base 3, what is -1010 - -12001?
10221
In base 16, what is -45 + -1e?
-63
In base 13, what is -958 + -a?
-965
In base 5, what is 1241 + 42?
1333
In base 10, what is 142 + 4?
146
In base 4, what is -2310 + -20?
-2330
In base 3, what is 12001012 + 11?
12001100
In base 13, what is 28 + -1a?
b
In base 7, what is -326 + -11?
-340
In base 5, what is -134 + -3?
-142
In base 9, what is 518 - 0?
518
In base 2, what is 11 - 101100?
-101001
In base 13, what is 4 - -47?
4b
In base 2, what is 1 + -101101011000?
-101101010111
In base 6, what is 32114 - -5?
32123
In base 6, what is 3 - -5433?
5440
In base 2, what is -10100111010 + -1?
-10100111011
In base 16, what is 1 + -b4?
-b3
In base 10, what is 1834 - -2?
1836
In base 12, what is -4a + -3?
-51
In base 15, what is -3 + 26?
23
In base 16, what is 8 + 12?
1a
In base 6, what is -210 + -1?
-211
In base 16, what is -7c + 5?
-77
In base 4, what is 10 - 3?
1
In base 9, what is -4412 + 1?
-4411
In base 10, what is 0 + 30?
30
In base 15, what is 386 + 9?
390
In base 4, what is -200333 - -1?
-200332
In base 3, what is -221 - -10?
-211
In base 10, what is 4 + -906?
-902
In base 11, what is -3 - a1?
-a4
In base 4, what is 1 - -2?
3
In base 5, what is -334 - 102?
-441
In base 12, what is -30 - -1?
-2b
In base 16, what is 18b + 2a?
1b5
In base 10, what is -1 - -1603?
1602
In base 11, what is 23a + -1?
239
In base 3, what is 10 - 202112?
-202102
In base 7, what is 531 + 2?
533
In base 14, what is -5d7 - 2?
-5d9
In base 7, what is -5 + -30?
-35
In base 3, what is -10211001 - 12?
-10211020
In base 4, what is -12130 - -10?
-12120
In base 8, what is -171 - 5?
-176
In base 4, what is 0 - 133?
-133
In base 2, what is -10100 + -1110001?
-10000101
In base 5, what is 20 - 111?
-41
In base 4, what is 12 - 101233?
-101221
In base 10, what is 1 + 543?
544
In base 8, what is -4 + -4171?
-4175
In base 3, what is -102000101 + 11?
-102000020
In base 14, what is -48 + 10?
-38
In base 9, what is -4 - 24?
-28
In base 10, what is 5 + 354?
359
In base 16, what is 3 - afe?
-afb
In base 15, what is a + 39?
44
In base 12, what is a + 17?
25
In base 9, what is -1 + 64?
63
In base 9, what is -4 - -3886?
3882
In base 2, what is 11 + -111010?
-110111
In base 9, what is 1 + 14?
15
In base 14, what is -3 - 78?
-7b
In base 12, what is -1 + -1899?
-189a
In base 13, what is -17cb + -5?
-1803
In base 8, what is -164 - -1?
-163
In base 12, what is 7 + 66?
71
In base 14, what is 2 + -9?
-7
In base 9, what is -1225 - 3?
-1228
In base 15, what is 7 + -7e?
-77
In base 13, what is -5 - -154?
14c
In base 2, what is 1110 - -110100010?
110110000
In base 3, what is 11100202 + -12?
11100120
In base 9, what is -6 - -258?
2